{"id":1342,"date":"2015-05-14T12:27:33","date_gmt":"2015-05-14T12:27:33","guid":{"rendered":"http:\/\/macuicultura.webs.upv.es\/?page_id=1342"},"modified":"2015-05-18T11:35:41","modified_gmt":"2015-05-18T11:35:41","slug":"matricula","status":"publish","type":"page","link":"https:\/\/macuicultura.webs.upv.es\/?page_id=1342","title":{"rendered":"Matr\u00edcula"},"content":{"rendered":"<div id=\"redondo\"><img loading=\"lazy\" decoding=\"async\" class=\"alignright size-full wp-image-1226\" src=\"https:\/\/macuicultura.webs.upv.es\/wp-content\/uploads\/2014\/05\/practicas.jpg\" alt=\"practicas\" width=\"461\" height=\"280\" srcset=\"https:\/\/macuicultura.webs.upv.es\/wp-content\/uploads\/2014\/05\/practicas.jpg 461w, https:\/\/macuicultura.webs.upv.es\/wp-content\/uploads\/2014\/05\/practicas-300x182.jpg 300w, https:\/\/macuicultura.webs.upv.es\/wp-content\/uploads\/2014\/05\/practicas-100x60.jpg 100w, https:\/\/macuicultura.webs.upv.es\/wp-content\/uploads\/2014\/05\/practicas-150x91.jpg 150w, https:\/\/macuicultura.webs.upv.es\/wp-content\/uploads\/2014\/05\/practicas-200x121.jpg 200w, https:\/\/macuicultura.webs.upv.es\/wp-content\/uploads\/2014\/05\/practicas-450x273.jpg 450w\" sizes=\"auto, (max-width: 461px) 100vw, 461px\" \/><\/div>\n<p>Para acceder a las ense\u00f1anzas oficiales de m\u00e1ster de acuicultura ser\u00e1 necesario estar en posesi\u00f3n de un t\u00edtulo universitario oficial espa\u00f1ol u otro expedido por una instituci\u00f3n de educaci\u00f3n superior del Espacio Europeo de Educaci\u00f3n Superior que facultan en el pa\u00eds expedidor del t\u00edtulo para el acceso a ense\u00f1anzas de m\u00e1ster.<\/p>\n<p>Asimismo, podr\u00e1n acceder los titulados conforme a sistemas educativos ajenos al Espacio Europeo de Educaci\u00f3n Superior sin necesidad de la homologaci\u00f3n de sus t\u00edtulos, previa comprobaci\u00f3n por la Universidad de que aquellos acreditan un nivel de formaci\u00f3n equivalente a los correspondientes t\u00edtulos universitarios oficiales espa\u00f1oles y que facultan en el pa\u00eds expedidor del t\u00edtulo para el acceso a ense\u00f1anzas de postgrado. El acceso por esta v\u00eda no implicar\u00e1, en ning\u00fan caso, la homologaci\u00f3n del t\u00edtulo previo de que est\u00e9 en posesi\u00f3n el interesado, ni su reconocimiento a otros efectos que el de cursar las ense\u00f1anzas de m\u00e1ster.<\/p>\n<p>Las inscripciones deben hacerse desde la web oficial del m\u00e1ster de la universidad:<\/p>\n<p><a class=\"yellow button\" href=\"http:\/\/www.upv.es\/contenidos\/SMAT\/info\/720102normalc.html\">Inscripci\u00f3n por la UPV<\/a>  <a class=\"yellow button\" href=\"http:\/\/www.uv.es\/uvweb\/universidad\/es\/estudios-postgrado\/masteres-oficiales\/matricula\/matricula-1285847056274.html\">Inscripci\u00f3n por la UV<\/a><\/p>\n<p><a class=\"blue button\" href=\"http:\/\/www.upv.es\/contenidos\/SMAT\/info\/720102normalc.html\">PRECIOS<\/a>  <a class=\"blue button\" href=\"http:\/\/www.uv.es\/uvweb\/universidad\/es\/estudios-postgrado\/masteres-oficiales\/matricula\/matricula-1285847056274.html\">BECAS<\/a><\/p>\n","protected":false},"excerpt":{"rendered":"<p>Para acceder a las ense\u00f1anzas oficiales de m\u00e1ster de acuicultura ser\u00e1 necesario estar en posesi\u00f3n de un t\u00edtulo universitario oficial espa\u00f1ol u otro expedido por una instituci\u00f3n de educaci\u00f3n superior del Espacio Europeo de Educaci\u00f3n Superior que facultan en el &hellip;<\/p>\n<p class=\"read-more\"> <a class=\"more-link\" href=\"https:\/\/macuicultura.webs.upv.es\/?page_id=1342\"> <span class=\"screen-reader-text\">Matr\u00edcula<\/span> Read More &raquo;<\/a><\/p>\n","protected":false},"author":1,"featured_media":0,"parent":116,"menu_order":0,"comment_status":"closed","ping_status":"closed","template":"full-width-page.php","meta":{"ngg_post_thumbnail":0,"footnotes":""},"class_list":["post-1342","page","type-page","status-publish","hentry"],"_links":{"self":[{"href":"https:\/\/macuicultura.webs.upv.es\/index.php?rest_route=\/wp\/v2\/pages\/1342","targetHints":{"allow":["GET"]}}],"collection":[{"href":"https:\/\/macuicultura.webs.upv.es\/index.php?rest_route=\/wp\/v2\/pages"}],"about":[{"href":"https:\/\/macuicultura.webs.upv.es\/index.php?rest_route=\/wp\/v2\/types\/page"}],"author":[{"embeddable":true,"href":"https:\/\/macuicultura.webs.upv.es\/index.php?rest_route=\/wp\/v2\/users\/1"}],"replies":[{"embeddable":true,"href":"https:\/\/macuicultura.webs.upv.es\/index.php?rest_route=%2Fwp%2Fv2%2Fcomments&post=1342"}],"version-history":[{"count":8,"href":"https:\/\/macuicultura.webs.upv.es\/index.php?rest_route=\/wp\/v2\/pages\/1342\/revisions"}],"predecessor-version":[{"id":1360,"href":"https:\/\/macuicultura.webs.upv.es\/index.php?rest_route=\/wp\/v2\/pages\/1342\/revisions\/1360"}],"up":[{"embeddable":true,"href":"https:\/\/macuicultura.webs.upv.es\/index.php?rest_route=\/wp\/v2\/pages\/116"}],"wp:attachment":[{"href":"https:\/\/macuicultura.webs.upv.es\/index.php?rest_route=%2Fwp%2Fv2%2Fmedia&parent=1342"}],"curies":[{"name":"wp","href":"https:\/\/api.w.org\/{rel}","templated":true}]}}