{"id":559,"date":"2014-05-13T12:05:07","date_gmt":"2014-05-13T12:05:07","guid":{"rendered":"http:\/\/localhost:8888\/wordpress\/?page_id=559"},"modified":"2019-12-05T09:31:37","modified_gmt":"2019-12-05T09:31:37","slug":"visita-a-jaulas-2008","status":"publish","type":"page","link":"https:\/\/macuicultura.webs.upv.es\/?page_id=559","title":{"rendered":"Visitas y practicas"},"content":{"rendered":"<p>2019 D\u00eda de la acuicultura<\/p>\nngg_shortcode_0_placeholder\n<p>2019 Visita a Blaumar<\/p>\nngg_shortcode_1_placeholder\n<p>Pesca el\u00e9ctrica en el r\u00edo Palancia<\/p>\nngg_shortcode_2_placeholder\n<p>Visita al Preengorde &#8220;Blaumar&#8221; y planta de producci\u00f3n de Culmarex &#8220;Bersolaz&#8221; en el puerto de Sagunto<\/p>\nngg_shortcode_3_placeholder\n<p>Visita a la Piscifactoria de truchas Torrebaja<\/p>\nngg_shortcode_4_placeholder\n<p>Visita a la sala del sorteo del redolis, en el palmar&nbsp;2015<\/p>\nngg_shortcode_5_placeholder\n<p>Visita Delta del ebro 2014<\/p>\nngg_shortcode_6_placeholder\n<p>Visitas 20013<\/p>\nngg_shortcode_7_placeholder\n<p>Astafactor\u00eda<\/p>\nngg_shortcode_8_placeholder\n<p>Practicas en laboratorio<\/p>\nngg_shortcode_9_placeholder\n<p>Visitas 2008<\/p>\nngg_shortcode_10_placeholder\n<p>&nbsp;<\/p>\n<p>&nbsp;<\/p>\n","protected":false},"excerpt":{"rendered":"<p>2019 D\u00eda de la acuicultura 2019 Visita a Blaumar Pesca el\u00e9ctrica en el r\u00edo Palancia Visita al Preengorde &#8220;Blaumar&#8221; y planta de producci\u00f3n de Culmarex &#8220;Bersolaz&#8221; en el puerto de Sagunto Visita a la Piscifactoria de truchas Torrebaja Visita a &hellip;<\/p>\n<p class=\"read-more\"> <a class=\"more-link\" href=\"https:\/\/macuicultura.webs.upv.es\/?page_id=559\"> <span class=\"screen-reader-text\">Visitas y practicas<\/span> Read More &raquo;<\/a><\/p>\n","protected":false},"author":1,"featured_media":0,"parent":544,"menu_order":0,"comment_status":"closed","ping_status":"closed","template":"full-width-page.php","meta":{"ngg_post_thumbnail":0,"footnotes":""},"class_list":["post-559","page","type-page","status-publish","hentry"],"_links":{"self":[{"href":"https:\/\/macuicultura.webs.upv.es\/index.php?rest_route=\/wp\/v2\/pages\/559","targetHints":{"allow":["GET"]}}],"collection":[{"href":"https:\/\/macuicultura.webs.upv.es\/index.php?rest_route=\/wp\/v2\/pages"}],"about":[{"href":"https:\/\/macuicultura.webs.upv.es\/index.php?rest_route=\/wp\/v2\/types\/page"}],"author":[{"embeddable":true,"href":"https:\/\/macuicultura.webs.upv.es\/index.php?rest_route=\/wp\/v2\/users\/1"}],"replies":[{"embeddable":true,"href":"https:\/\/macuicultura.webs.upv.es\/index.php?rest_route=%2Fwp%2Fv2%2Fcomments&post=559"}],"version-history":[{"count":25,"href":"https:\/\/macuicultura.webs.upv.es\/index.php?rest_route=\/wp\/v2\/pages\/559\/revisions"}],"predecessor-version":[{"id":1595,"href":"https:\/\/macuicultura.webs.upv.es\/index.php?rest_route=\/wp\/v2\/pages\/559\/revisions\/1595"}],"up":[{"embeddable":true,"href":"https:\/\/macuicultura.webs.upv.es\/index.php?rest_route=\/wp\/v2\/pages\/544"}],"wp:attachment":[{"href":"https:\/\/macuicultura.webs.upv.es\/index.php?rest_route=%2Fwp%2Fv2%2Fmedia&parent=559"}],"curies":[{"name":"wp","href":"https:\/\/api.w.org\/{rel}","templated":true}]}}